{"id":7,"date":"2007-08-20T14:52:59","date_gmt":"2007-08-20T12:52:59","guid":{"rendered":"http:\/\/w-jugend.tsv-birkenau.de\/index.php\/downloads"},"modified":"2014-09-01T11:09:53","modified_gmt":"2014-09-01T09:09:53","slug":"downloads","status":"publish","type":"page","link":"https:\/\/damenhandball.tsv-birkenau.de\/index.php\/info-service\/downloads","title":{"rendered":"Downloads"},"content":{"rendered":"<p><strong><img decoding=\"async\" alt=\"downloads.jpg\" src=\"http:\/\/w-jugend.tsv-birkenau.de\/wp-content\/upload\/downloads.jpg\" \/> <\/strong><\/p>\n<p><strong>INFORMATIONEN\/Aktuelles<\/strong><\/p>\n<p><a href=\"https:\/\/maps.google.de\/maps\/ms?msa=0&amp;msid=210176987904910798121.0004dd5d691a0cfe07436&amp;hl=de&amp;ie=UTF8&amp;t=h&amp;ll=49.221185,9.066467&amp;spn=1.076348,1.645203&amp;z=9&amp;source=embed&amp;dg=feature\" target=\"_blank\">Hallen-\/Vereinsliste im Badischen Handball-Verband<\/a><\/p>\n<p><a href=\"http:\/\/w-jugend.tsv-birkenau.de\/wp-content\/upload\/hv_faltblatt_orange_2012_web.pdf\" target=\"_blank\">Werbefolder der weiblichen Jugend<\/a><\/p>\n<p><a href=\"http:\/\/www.badische-sportjugend.de\/cms\/docs\/doc47318.pdf\" target=\"_blank\">Infos \u00fcber Zuschuss f\u00fcr Jugendfreizeiten bei finanziellen Problemen<\/a><\/p>\n<p><a href=\"http:\/\/www.tsv-birkenau.de\/wp-content\/upload\/TSV-Eintrittserklaerung-Handball-Jugendliche.pdf\">TSV Birkenau &#8211; Beitrittserkl\u00e4rung (Aktive bis 18 Jahre)<\/a><\/p>\n<p><a href=\"http:\/\/www.tsv-birkenau.de\/wp-content\/upload\/TSV-Eintrittserklaerung-Handball-Erwachsene.pdf\">TSV Birkenau &#8211; Beitrittserkl\u00e4rung (Aktive ab 18 Jahren)<\/a><\/p>\n<p><a href=\"http:\/\/www.badischer-handball-verband.de\/cms\/docs\/doc5312.pdf\">Aufnahmeantrag auf Erteilung der Spielberechtigung (BHV)<\/a><\/p>\n<p><a href=\"http:\/\/w-jugend.tsv-birkenau.de\/wp-content\/upload\/praesentationzs_2009_2010.pdf\" target=\"_blank\">Pr\u00e4sentation zur Auffrischung f\u00fcr Zeitnehmer\/Sekret\u00e4re<\/a><\/p>\n","protected":false},"excerpt":{"rendered":"<p>INFORMATIONEN\/Aktuelles Hallen-\/Vereinsliste im Badischen Handball-Verband Werbefolder der weiblichen Jugend Infos \u00fcber Zuschuss f\u00fcr Jugendfreizeiten bei finanziellen Problemen TSV Birkenau &#8211; Beitrittserkl\u00e4rung (Aktive bis 18 Jahre) TSV Birkenau &#8211; Beitrittserkl\u00e4rung (Aktive ab 18 Jahren) Aufnahmeantrag auf Erteilung der Spielberechtigung (BHV) Pr\u00e4sentation zur Auffrischung f\u00fcr Zeitnehmer\/Sekret\u00e4re<\/p>\n","protected":false},"author":1,"featured_media":0,"parent":3529,"menu_order":6,"comment_status":"closed","ping_status":"closed","template":"","meta":{"neve_meta_sidebar":"","neve_meta_container":"","neve_meta_enable_content_width":"","neve_meta_content_width":0,"neve_meta_title_alignment":"","neve_meta_author_avatar":"","neve_post_elements_order":"","neve_meta_disable_header":"","neve_meta_disable_footer":"","neve_meta_disable_title":"","ngg_post_thumbnail":0,"footnotes":""},"class_list":["post-7","page","type-page","status-publish","hentry"],"_links":{"self":[{"href":"https:\/\/damenhandball.tsv-birkenau.de\/index.php\/wp-json\/wp\/v2\/pages\/7","targetHints":{"allow":["GET"]}}],"collection":[{"href":"https:\/\/damenhandball.tsv-birkenau.de\/index.php\/wp-json\/wp\/v2\/pages"}],"about":[{"href":"https:\/\/damenhandball.tsv-birkenau.de\/index.php\/wp-json\/wp\/v2\/types\/page"}],"author":[{"embeddable":true,"href":"https:\/\/damenhandball.tsv-birkenau.de\/index.php\/wp-json\/wp\/v2\/users\/1"}],"replies":[{"embeddable":true,"href":"https:\/\/damenhandball.tsv-birkenau.de\/index.php\/wp-json\/wp\/v2\/comments?post=7"}],"version-history":[{"count":18,"href":"https:\/\/damenhandball.tsv-birkenau.de\/index.php\/wp-json\/wp\/v2\/pages\/7\/revisions"}],"predecessor-version":[{"id":22263,"href":"https:\/\/damenhandball.tsv-birkenau.de\/index.php\/wp-json\/wp\/v2\/pages\/7\/revisions\/22263"}],"up":[{"embeddable":true,"href":"https:\/\/damenhandball.tsv-birkenau.de\/index.php\/wp-json\/wp\/v2\/pages\/3529"}],"wp:attachment":[{"href":"https:\/\/damenhandball.tsv-birkenau.de\/index.php\/wp-json\/wp\/v2\/media?parent=7"}],"curies":[{"name":"wp","href":"https:\/\/api.w.org\/{rel}","templated":true}]}}