{"id":2052,"date":"2009-09-27T17:39:34","date_gmt":"2009-09-27T15:39:34","guid":{"rendered":"http:\/\/w-jugend.tsv-birkenau.de\/index.php\/konzept"},"modified":"2024-10-08T10:52:57","modified_gmt":"2024-10-08T08:52:57","slug":"konzept","status":"publish","type":"page","link":"https:\/\/damenhandball.tsv-birkenau.de\/index.php\/konzept","title":{"rendered":"Unser Konzept"},"content":{"rendered":"<p><img decoding=\"async\" src=\"http:\/\/w-jugend.tsv-birkenau.de\/wp-content\/upload\/hv_1.jpg\" alt=\"hv_1.jpg\" \/><\/p>\n<p><strong>UNSERE INTENTION<br \/>\n<\/strong>Wir m\u00f6chten erfolgreich modernen, attraktiven und temporeichen Handball spielen. Dazu f\u00f6rdern &amp; fordern wir unsere Spielerinnen individuell entwicklungs- und ausbildungsorientiert.<\/p>\n<p>Wir haben ein \u00fcber alle Spiel- und Altersklassen hinweg aufbauendes Vereinskonzept mit einer einheitlichen Spiel- und Trainingsauffassung<br \/>\naller Trainer.<\/p>\n<p><strong>\u201eBei uns wird nicht nur Handball gespielt.&#8220;<\/strong><\/p>\n<p>Wir f\u00f6rdern die sozialen Kompetenzen unserer Spielerinnen und wollen sie zu selbstsicheren, team- und kritikf\u00e4higen, verantwortungsvollen und selbstst\u00e4ndigen Sportlerinnen entwickeln.<\/p>\n<p>Bei uns erleben sportbegeisterte Menschen GEMEINSAM durch Spa\u00df &amp; Ehrgeiz im Handball die Freude an Teamgeist, Fairness und Erfolg.<\/p>\n<p><strong>&#8222;MEHR ALS NUR SPORT&#8220;<br \/>\n<\/strong><strong><span class=\"Apple-style-span\" style=\"font-weight: normal;\"><img decoding=\"async\" src=\"http:\/\/w-jugend.tsv-birkenau.de\/wp-content\/upload\/web_3.jpg\" alt=\"web_3.jpg\" width=\"400\" \/><\/span><\/strong><\/p>\n<p><strong>Medizin &amp; Gesundheit<br \/>\n<\/strong>Ern\u00e4hrungsberatungen durch Fachreferenten, sportmedizinische Untersuchungen, Zusammenarbeit mit Physiotherapeuten, Athletiktrainern, Sportmedizinern und Sportwissenschaftlern (Uni HD).<\/p>\n<p><strong><img decoding=\"async\" src=\"http:\/\/w-jugend.tsv-birkenau.de\/wp-content\/upload\/web_4.jpg\" alt=\"web_4.jpg\" width=\"400\" \/><\/strong><\/p>\n<p><strong>Events &amp; Aktionen<\/strong><br \/>\nBesuch\/Vorspiele von Bundesliga-\/Nationalmannschaftsspielen, Schlo\u00df Freudenberg\/Wiesbaden (Erfahrungsfeld der Sinne), Hochkar\u00e4tige aber auch Fun-Turnierbesuche, Kartbahn-\/Kinobesuche, Sing-Star-Abende, Unterwasser-Rugby, Speed-Stacking, Speed-Minton\/Black-Minton, Parkour, Ringen, Klettergarten uvm.<\/p>\n<p><strong><span class=\"Apple-style-span\" style=\"font-weight: normal;\"><img decoding=\"async\" src=\"http:\/\/w-jugend.tsv-birkenau.de\/wp-content\/upload\/web_2.jpg\" alt=\"web_2.jpg\" width=\"400\" \/><\/span><\/strong><\/p>\n<p><strong>F\u00f6rderung der Spielerinnen<\/strong><br \/>\nMannschafts\u00fcbergreifendes Training f\u00fcr Perspektivspielerinnen, Trainingslager, Speed-System-Training, Vereinstraineraus- und Weiterbildung, erfahrene &amp; lizenzierte Trainer, Zusammenarbeit mit Leichtathletik-, Baskettball- und Ringertrainern.<\/p>\n<p><strong>ERFOLGE &amp; AUSZEICHNUNGEN DER WEIBLICHEN ABTEILUNG<br \/>\n<\/strong><a href=\"http:\/\/w-jugend.tsv-birkenau.de\/index.php\/konzept\/erfolge\">Erfolge und Auszeichnungen von 2002 bis bis anschauen<\/a><strong><br \/>\n<\/strong><\/p>\n","protected":false},"excerpt":{"rendered":"<p>UNSERE INTENTION Wir m\u00f6chten erfolgreich modernen, attraktiven und temporeichen Handball spielen. Dazu f\u00f6rdern &amp; fordern wir unsere Spielerinnen individuell entwicklungs- und ausbildungsorientiert. Wir haben ein \u00fcber alle Spiel- und Altersklassen hinweg aufbauendes Vereinskonzept mit einer einheitlichen Spiel- und Trainingsauffassung aller Trainer. \u201eBei uns wird nicht nur Handball gespielt.&#8220; Wir f\u00f6rdern die sozialen Kompetenzen unserer Spielerinnen&hellip;&nbsp;<a href=\"https:\/\/damenhandball.tsv-birkenau.de\/index.php\/konzept\" rel=\"bookmark\">Weiterlesen &raquo;<span class=\"screen-reader-text\">Unser Konzept<\/span><\/a><\/p>\n","protected":false},"author":1,"featured_media":0,"parent":0,"menu_order":3,"comment_status":"closed","ping_status":"open","template":"","meta":{"neve_meta_sidebar":"","neve_meta_container":"","neve_meta_enable_content_width":"","neve_meta_content_width":0,"neve_meta_title_alignment":"","neve_meta_author_avatar":"","neve_post_elements_order":"","neve_meta_disable_header":"","neve_meta_disable_footer":"","neve_meta_disable_title":"","ngg_post_thumbnail":0,"footnotes":""},"class_list":["post-2052","page","type-page","status-publish","hentry"],"_links":{"self":[{"href":"https:\/\/damenhandball.tsv-birkenau.de\/index.php\/wp-json\/wp\/v2\/pages\/2052","targetHints":{"allow":["GET"]}}],"collection":[{"href":"https:\/\/damenhandball.tsv-birkenau.de\/index.php\/wp-json\/wp\/v2\/pages"}],"about":[{"href":"https:\/\/damenhandball.tsv-birkenau.de\/index.php\/wp-json\/wp\/v2\/types\/page"}],"author":[{"embeddable":true,"href":"https:\/\/damenhandball.tsv-birkenau.de\/index.php\/wp-json\/wp\/v2\/users\/1"}],"replies":[{"embeddable":true,"href":"https:\/\/damenhandball.tsv-birkenau.de\/index.php\/wp-json\/wp\/v2\/comments?post=2052"}],"version-history":[{"count":25,"href":"https:\/\/damenhandball.tsv-birkenau.de\/index.php\/wp-json\/wp\/v2\/pages\/2052\/revisions"}],"predecessor-version":[{"id":32307,"href":"https:\/\/damenhandball.tsv-birkenau.de\/index.php\/wp-json\/wp\/v2\/pages\/2052\/revisions\/32307"}],"wp:attachment":[{"href":"https:\/\/damenhandball.tsv-birkenau.de\/index.php\/wp-json\/wp\/v2\/media?parent=2052"}],"curies":[{"name":"wp","href":"https:\/\/api.w.org\/{rel}","templated":true}]}}